lue of -4 + (10 - (17 + 4))?
-15
Evaluate -129 + 123 + 0 + -3.
-9
What is 4 - ((1 - 12 - -6) + 8)?
1
What is 9 - (4 + -11 - -9) - (-1 + 19)?
-11
Calculate -21 + (0 + 6 - -4 - 1).
-12
Evaluate (-10 - 6 - 20) + -1 + 10 + 1.
-26
6 + (-3 - 4) + 2 + 0
1
What is -2 + (4 - (9 - 1 - -2) - 7)?
-15
What is the value of 110 + -76 - (-2 - -7)?
29
-2 - ((10 - -1) + (1 - 9))
-5
Evaluate (-6 - -4 - 5) + (-11 - 3 - -8).
-13
What is the value of (1 + -23 - 18) + 36?
-4
Calculate -25 + (6 - (-2 + 17 + -9 + -7)).
-18
What is the value of 18 + -6 + (-34 - -27)?
5
What is the value of 6 + -2 - (-45 - -34)?
15
What is the value of 2 - (-13 + 8 + 0) - (4 + -4)?
7
What is the value of 15 + -6 + -10 + (16 - -2)?
17
Evaluate (-1 + -5 - (-88 + 80) - 2) + 7.
7
8 - ((-4 - 1) + 18) - -1 - -9
5
11 - ((1 - -9) + -6)
7
What is 9 - 1 - -12 - 21?
-1
What is the value of 322 + -363 + 4 + 18?
-19
Evaluate (-6 - 28 - -35) + -5.
-4
Calculate 0 + (1 - -5 - (-3 + 3 - -2)).
4
9 + (-5 - 2) + 20 - 8
14
Calculate 5 + (0 - 4) - ((-3 - -14) + 1).
-11
Calculate 27 + -22 + 0 + -13 - (-38 + 0).
30
Calculate -1 + (-4 - -2 - (83 - 87)).
1
What is 56 + -44 - (0 - -5) - 9?
-2
Evaluate (-212 - -217 - (-1 + -1)) + -12.
-5
23 + 39 + -81 + 11
-8
What is 9 + 5 + (1 - (1 - 1))?
15
What is the value of (35 - 38) + -1 + 0 - (-5 + 0)?
1
(5 - (8 + 14 + 2)) + 10
-9
-264 - -283 - (-1 + 16)
4
What is -13 - (-12 + 15 + -16 + 16)?
-16
18 + -7 + -1 + 14 + 4 + -17
11
What is 0 - ((5 - 16 - 5) + (5 - -3))?
8
Calculate (-1 - 6) + -6 + 5 + -2 + 12.
2
54 + 2 + -35 - 27
-6
What is the value of 2 + -1 + 7 - (1595 - 1593)?
6
What is 7 + -2 + 12 + -11 - -2?
8
Evaluate -18 - (-7 - (-7 + 14 + -15)).
-19
Evaluate 11 - (-36 + (50 - -14)).
-17
What is the value of (25 - 0) + (-656 - -651)?
20
Evaluate -5 - 5 - -38 - (6 - -7).
15
-39 + (12 - -3) + 6
-18
47 + -59 - (-4 + 0 + 0)
-8
(11 - -9) + -31 - -13
2
Calculate -73 - -57 - (-1 - 23).
8
Evaluate -2 + 5 - (-5 + 15).
-7
0 - 3 - ((-58 - -32) + 36)
-13
Calculate (15 - 20 - -4) + 9.
8
(49 - 35) + -1 + -20
-7
Calculate (77 - 52) + (-4 - 14).
7
What is (-20 - -25 - 19) + 17?
3
Evaluate 0 - -4 - 12 - 4.
-12
Calculate (-71 - -72) + -4 + -2.
-5
What is the value of 1 - ((-4 + 3 - 6) + 12 + 1)?
-5
Evaluate 4 - (1 - (8 - 27)).
-16
Evaluate -9 - (-4 + 8 + -7 + -1 + -16).
11
What is -23 - (-1 + 8 + -17)?
-13
What is (-1 - 14) + 10 + 1 + (-40 - -22)?
-22
6 + (-6 - 1) - (5 + -11)
5
Calculate -14 + 23 + 5 + -24.
-10
Evaluate (-14 - -34) + -8 + -19.
-7
What is (21 + -15 - 23) + 27?
10
What is the value of (-6 + 12 - -13) + -23?
-4
What is (-11 - 0) + (39 - 19)?
9
What is -3 - (-1 - 11) - -5 - 30?
-16
(2 - 5) + (39 - (15 + 20))
1
Calculate 312 + -333 - (0 - 19).
-2
Evaluate 13 + 0 + -76 + 41 - -6.
-16
Calculate 155 + -133 + -12 + -1.
9
Calculate (-1 - 3) + -22 + 2 + 19.
-5
Calculate -6 + 20 + (-19 - -3).
-2
Calculate -7 + (-2 - 7 - -5) + 9.
-2
What is 2 - ((4 - 13) + (0 - (-2 + 7)))?
16
Calculate -15 - (-4 - -4) - (-48 + 20 - -29).
-16
18 + (-10 - -10 - 33)
-15
What is 0 - (-29 + -8 + 25)?
12
Calculate -33 + 1 + (-3 - 3) + 7 + 8.
-23
Evaluate -10 - (-14 - -12 - -5) - -21.
8
Calculate -12 - (7 - 4) - (-65 - -36).
14
Calculate 7 + -4 + 4 + -14 + 5 + 3.
1
What is -12 - (-15 + -3 + 14) - -10?
2
Evaluate 2 - 35 - (-842 - -781).
28
Evaluate (-80 - -70) + -3 + -4.
-17
What is (-3 - -4) + 4 - (1 + 0)?
4
What is the value of -7 - -21 - (-10 - -52)?
-28
Calculate 32 + (-84 - (12 - 31)).
-33
What is (-2467 - -2446) + (-1 - (0 + -11)) - -50?
39
What is (-4 + 10 - (-5 + (-6 - -11))) + 6?
12
(-2 - 0) + (4 + -4 + 16 - 33)
-19
What is -526 + 547 + -3 + 1?
19
Calculate 16 + (-4 - 25 - -7).
-6
Calculate -20 + (-10 - (-1 - 31 - -11)).
-9
Calculate 9 - ((6 - -6) + -13 + -21).
31
Calculate -3 - ((-14 - -34) + (-6 - (-1 - 0))).
-18
What is (3 + -11 - -19) + -8?
3
Calculate -40 - (10 + -27 - 24).
1
Evaluate (105 - 82) + 0 + -39.
-16
What is -1 + 1 - -6 - (9 + 0)?
-3
What is 43 + -101 + (0 - -24) + (11 - 1)?
-24
Calculate -48 - -46 - (0 - 1).
-1
-6 + (3 - (-6 + 1 - -15))
-13
Calculate 18 + (-3 - 5) + -56 - -14.
-32
What is the value of -1 + 19 - (4 - (9 - (7 - 3)))?
19
Calculate -6 + 0 - (6 - 10) - (12 + -10).
-4
Calculate -28 + 0 + -5 + (-48 - -63).
-18
Evaluate 6 + 4 + -4 - (-24 - -4).
26
4 - (51 - 59 - (0 + (-15 - -3)))
0
Evaluate -1 + -2 + (2 - 3) + (14 - -6).
16
3 + (-37 - -29 - (-3 - (-7 - 3)))
-12
Evaluate (-18 - (-44 - -16)) + (0 + 5 - 1).
14
Evaluate 5 + (22 - 25) + (-6 - -6).
2
Evaluate 86 - 92 - (-4 + (1 - 0) + 1).
-4
(9 - 12 - 8) + 4 + (-3 - 0)
-10
(-69 - -37) + 29 + 2
-1
Calculate -2 + (9 - -7) - 25.
-11
What is -58 + 78 - (28 + 3)?
-11
Calculate (21 - (4 + 0)) + -7.
10
What is the value of -4 - (15 - 38) - 49?
-30
Evaluate (-10 - -7) + 1 + -4.
-6
What is the value of -5 + -4 + -4 + 37 + -6?
18
Calculate (6 + -3 - 5 - -5) + -37 + 17.
-17
What is the value of -18 - (1 - (-6 + 22))?
-3
Calculate 8 + (-27 + 5 - -16) + (-1 - -17).
18
Evaluate -6 + (-20 - -39) + (-2 - 4) + 7.
14
What is 53 - 52 - (1 + 1)?
-1
Evaluate 4 - (3 + (10 - 17) + 18).
-10
What is -1 + 15 + 3 + -18?
-1
Calculate -5 - (8 + -10 - (-1 + 4 + 5)).
5
Evaluate 14 - 26 - 1 - (1 + 1).
-15
What is the value of 7 - (3 + -9 + 4 - -15)?
-6
What is the value of (-4 - (-2 - -2)) + (-14 - (-24 - -13))?
-7
What is the value of 21 + -8 + -4 + 0?
9
Calculate 84 - 47 - (29 + -3).
11
2 - -5 - (11 + (0 + -4 - 8))
8
391 - 364 - (-2 + 27)
2
What is the value of (-108 - -107) + -1 + 13?
11
What is the value of 9 + (-1 - 0) + -45 + -34 + 79?
8
What is the value of (-13 + 1 - (21 - 28)) + 6 + -14?
-13
Evaluate 17 - 3 - (-139 + 172).
-19
What is the value of (-3 - 14) + 4 + 1?
-12
What is (15 - -10) + (69 - 66)?
28
Evaluate 13 - -27 - 43 - (-2 + (-1 - -2)).
-2
4 - (9 - ((2 - -6) + 2 + -20))
-15
Evaluate (0 - 23) + (11 - (0 + 3)) + 7.
-8
What is (5 - 18) + (2 - 0) + 20?
9
Calculate 1 - (1 - 10 - 1) - (-375 - -401).
-15
Calculate 17 + -1 + (407 - 421).
2
What is 9 + -6 + -17 - 1 - 7?
-22
What is -13 + 15 + 1 - 5?
-2
What is the value of (-8 - 0) + 4 - (-1 + 2 + -3)?
-2
Evaluate 3 + -1 + 2 + 6 - (537 - 507).
-20
What is the value of (8 - (-7 - -11)) + 2 + -5?
1
What is 1 + 2 - (-17 - (-7 + -5))?
8
What is (2 + 2 - 4) + 14 + 1?
15
Evaluate (-26 - -10 - -12) + (0 - 7) + 5.
-6
13 + -1 + 179 + -162 + -14 + 1
16
Evaluate 3 - (9 + -9) - 4 - (0 - -10).
-11
(0 - (-2 - 4)) + -28 + -6 + 23
-5
What is 13 - ((-61 - -27 - -42) + -14 + 1)?
18
Evaluate (-6 - -12) + 10 + -14 + 0 + -11.
-9
What is -6 - ((14 - (2 - -3)) + -4)?
-11
28 - (-2 - (-11 + -10)) - (-14 - 0)
23
Evaluate (2 + 13 - -1) + -15.
1
Evaluate -7 + (2 - 2) + (-11 - (8 + -22)).
-4
What is the value of (76 - 60 - 20) + 1 + -3?
-6
What is -6 + 11 + -2 + -11?
-8
15 + -25 + (14 - -6)
10
(13 - 8) + (13 - 0) + -4
14
(-12 - 3) + -5 - -15
-5
What is the value of -4 + -1 - (-16 - (-12 + 7)) - 2?
4
What is -6 - (4 + -5 - 8) - -9?
12
Evaluate 8 + -8 + -7 + -3 + 13.
3
5 - (-19 - ((-9 - (-10 - -3)) + 3))
25
Calculate -1 - (-43 + 46 - (11 - 1)).
6
What is the value of (-2 + -13 - -3) + (5 + 4 - 11)?
-14
Calculate 325 - 321 - (10 + -1).
-5
What is the value of -9 + 19 + -2 + -31?
-23
What is 3 - 3 - 0 - (-18 + -15 + 40)?
-7
What is -13 + (0 - -3) - 0?
-10
(-28 + 34 - 0) + -17
-11
(-11 - 0) + 56 + -59
-14
37 + -33 - (-8 + (-3 - -3))
12
What is 16 - 20 - (3 - (-3 + 10 + 2))?
2
Evaluate -20 + -19 + 30 + (-17 - -3).
-23
What is the value of 3 + -10 - (1 + 1 + 1 - 7)?
-3
What is the value of 18 + -15 + (1 - 2 - (11 + 1))?
-10
What is the value of -8 + 2 + -7 - -22?
9
(-10 - -40) + (-2 - 11)
17
Evaluate 14 + 8 + (9 - 19).
12
What is -14 + 23 + -11 + 5 + 3?
6
Calculate -10 - ((-34 - -34) + (3 - 1)).
-12
Evaluate 6 - (18 + -9 + (1 - 1) + 2).
-5
What is -11 + 8 + 8 + (-10 - -2)?
-3
What is the value of ((-11 - -22) + -11 - -10) + 1?
11
Evaluate (40 + -8 - 16) + -2 + -46.
-32
Evaluate (-10 - -1) + (-13 - (16 - -7 - 42)).
-3
What is 0 + 4 - (29 + -5 - 9) - 8?
-19
Evaluate (8 - (-2 - -1 - -3)) + 14.
20
What is the value of -4 - (0 + 5 - 41 - (1 + -10))?
23
What is the value of (-5 + 13 + -5 - -1) + (-5 - 2)?
-3
Calculate 3 + 2 - (-32 + 23 + (1 - 1)).
14
Calculate (46 - (-44 + 121)) + 0 + 15.
-16
Calculate 4 - (7 + -11) - (-13 + 0 - 9).
30
What is (-1 - -5) + (15 + -4 - -2)?
17
0 - 6 - -16 - (-29 - -26)
13
Calculate 23 - (-35 + 18 + 33).
7
Ca